*2. Suppose -26*k + 55 = -15*k. Determine s(k).
-2
Let x(h) = -2*h - 4. Let g be (-2)/(-4)*(-2 - -2). Suppose -4*o = z - 3, g = -4*z - z - 4*o + 15. What is x(z)?
-10
Let i = 1559 + -1545. Let k(n) = -2*n + 9. Determine k(i).
-19
Let v = -122 + 123. Let o(b) = b**3 - b**2 + b. Determine o(v).
1
Let w = 2 + 4. Let h be (-2 + 1)*(5 - w). Let p(q) = 0 + 0*q - q + 3 - h. Calculate p(0).
2
Suppose -28 = -8*q + q. Let z(u) be the third derivative of -u**6/120 + u**5/12 + u**4/24 - u**3/2 + u**2. Give z(q).
17
Let h(f) = -f**2 + 5*f + 4. Suppose -5*p = 5*d - 69 + 29, -2*d = -3*p + 4. Let n be 27/d + 30/(-40). Determine h(n).
-2
Let l(m) = 2*m + 1. Suppose 4*u = -f - 8, 0*f - 20 = 4*u - 2*f. Let i be (u + -3)/(-2*1). Let p be i/(-1)*5/(-3). Give l(p).
11
Suppose -2*u + 1 = -h, -19 + 21 = -u + h. Let f(z) be the third derivative of -7*z**2 + z**u + 0 + 0*z - 1/12*z**4. Calculate f(5).
-4
Let t(i) = i**3 + i**2 - 2*i - 2. Let r = 7 + -7. Suppose -4*y + 1 + 15 = r. Suppose -6*u + 4*u + 5*w = 14, -y*u - 3*w - 2 = 0. Determine t(u).
-2
Let t(p) = -6*p - 3. Let b = 4 - 2. Suppose -3*f + b*f = -5. Suppose -f*q + 2*q - i = 4, 0 = -2*q + 5*i - 14. What is t(q)?
9
Let h(b) = -b**2 - 6*b - 4. Let i(r) = 9*r + 426. Let a be i(-48). Give h(a).
-4
Let m = 10 - 7. Let r(z) = -2*z**3 + 2*z**2 - z + 6. Let x(c) = -5*c**3 + 7*c**2 - 4*c + 18. Let q(n) = m*x(n) - 8*r(n). Calculate q(-6).
-6
Let k(u) = -u - 22. Let s(j) = -175*j**2 - 2*j + 2. Let f be s(1). Let v = -175 - f. What is k(v)?
-22
Let h be (1/(-3))/((-41)/(-369)). Let a(k) = -3*k. What is a(h)?
9
Let u be -1*1 + 7 - (56 + -54). Let v(g) = 0*g - 5 + g**2 - 4*g - 5*g + 5*g. Determine v(u).
-5
Let k(q) be the third derivative of -q**6/120 + q**5/10 + 7*q**4/24 + q**3/6 + q**2. Let g(c) = 22*c**2 + 17*c + 2. Let b be g(-1). Calculate k(b).
1
Let m(z) be the first derivative of -z**3/3 + 2*z**2 + 3*z - 134. Determine m(4).
3
Suppose -2*b = -0*b - 6. Let f(c) be the first derivative of -13 - 3/2*c**2 + 4*c. Calculate f(b).
-5
Let c(a) = -6*a**2 - 19*a - 3. Let u be c(-3). Let d(l) = -l**3 - l + 1. Determine d(u).
1
Suppose p = 6*p - 20. Let c(l) = -5*l - 2 + 10*l + p + 3*l**2. Determine c(-3).
14
Let z(t) = -30 + t**2 + 9 + 11*t + 22 + 18. Give z(-9).
1
Let y(z) = -9 - 2*z - z - 14*z + 3*z + 6*z. What is y(-2)?
7
Let p(b) = b**3 + 4*b**2 + b - 2. Let o be p(-2). Let h(d) = -d**2 + 6*d - 6. Let f be h(o). Let v(x) = -3 - 3*x + f*x - 1. What is v(3)?
-7
Let q(a) be the second derivative of -a**3 + 8*a**2 - 48*a. Calculate q(3).
-2
Let i(o) be the second derivative of o**3/3 + o**2/2 + o. Let p be 1/(-3) - 31/(-3). Suppose u + 3*u - 4*a = 0, 3*u + 2*a - p = 0. Calculate i(u).
5
Let i(p) be the second derivative of -7*p**5/10 + p**3/6 + 3*p. Suppose 5*d + 3 = 2*d. Give i(d).
13
Let o(v) = v**2 + 9*v - 103 + 20 + 61. Give o(-10).
-12
Let d(n) = -n**2 - n. Let s be (-204)/(-228) + 2/19*1. Let b(f) = -5 - f**3 + 0 - 2 - 5*f - 4*f**2. Let g(y) = s*b(y) + 3*d(y). Calculate g(-6).
5
Suppose 2*c = 3*o + 6, -2*o + 3*c - 6 + 2 = 0. Let z(k) = 7*k - 5. Let s(b) = 3*b - 2. Let j(u) = o*z(u) + 5*s(u). Let l be (-4)/10 - 13/5. Give j(l).
-3
Suppose -45 = -0*f + 5*f. Let q = f + 9. Suppose q*z - 3*z = -15. Let j(o) = -o**2 + 5*o + 6. Determine j(z).
6
Suppose 19*w = 23*w - 4*m - 32, 3*w - 2*m = 19. Let y(o) = 3*o - 2. Give y(w).
7
Let g(c) = -c - 8. Let k be -3*2*(-6)/12. Let t(p) = p + 2. Let l be t(k). Suppose l - 10 = w. Determine g(w).
-3
Let l(p) = -p**2 - 17*p - 19. Let f(m) = -3*m**2 - 140*m - 108. Let w be f(-46). What is l(w)?
-3
Let b(j) = -j**3 - 327*j - 9*j**2 - 328*j + 12 + 660*j. What is b(-9)?
-33
Let o(g) = 9*g**3 + g**2 + 6. Let x(k) = 2*k**3 + 1. Let c(f) = o(f) - 5*x(f). Calculate c(0).
1
Let n(g) be the first derivative of -g**4/4 + 2*g**3 - 3*g**2/2 - 5*g + 61. Suppose -3*s + w = -13, 0 = -3*s + 3*w + 2*w + 5. Calculate n(s).
5
Let o(n) = n**2 + 3*n + 1. Suppose -2*d - 52 - 26 = 0. Let z = 37 + d. Determine o(z).
-1
Let v = -6 + 9. Let m(z) be the third derivative of -z**5/30 + z**4/8 + z**3/2 + 218*z**2. Calculate m(v).
-6
Suppose -7*s = -3*s + 12, 0 = -2*g + s + 17. Let b(d) = -2*d + 9. Calculate b(g).
-5
Let l(f) = -f**3 + 12*f**2 - 22*f - 37. Let z be l(9). Let b(q) = -q**3 + 7*q**2 + 7*q + 8. Calculate b(z).
0
Let o(a) = -a**3 - a - 2. Suppose 0 = -4*r - 2*b, r + 0*r = 4*b. What is o(r)?
-2
Let a(t) be the first derivative of -t**2/2 + 2*t + 85. Suppose 4*y - 4*x = -16, 3*y = -2*x - 2*x - 26. Let m be 3 + 0*2/y. Give a(m).
-1
Let x(o) = -15*o - 66. Let c(m) = -7*m - 31. Let a(n) = -9*c(n) + 4*x(n). What is a(-8)?
-9
Let q(v) = v**3 - 4*v**2 + 4*v. Let m be q(3). Let l(b) = -b - 185 - 4*b**2 + 186 - 3*b**2 + b**m. Determine l(7).
-6
Suppose 4*a - 13 + 3 = -5*v, 0 = -a - 5*v + 10. Let q(f) = 2*f + 0*f + f - 4*f - 6. Determine q(a).
-6
Let o = 8 - 5. Let d be (o/2)/((-9)/(-24)). Let x(r) be the second derivative of -r**3/6 + r**2/2 + 12*r. What is x(d)?
-3
Let u = 2 - 2. Suppose u*o - 3*o + 24 = 3*s, s + 22 = 5*o. Let l(n) = 2*n**2 + 3*n**3 + 0*n + n - o*n**3 + 0*n + 1. Determine l(2).
-5
Suppose 3*o + o + 3*u = 29, -u + 3 = 0. Suppose -o*d - 20 = 0, -p + 5*d + 22 = -0*p. Let n(v) = 9*v**2 + 3*v - 22*v**p + 12*v**2 + 1. Give n(2).
3
Let s(t) = -t**3 - t**2. Let a(u) = -u**3 + u**2 - 1. Let w(i) = 4*i**3 + 5*i**2 - i - 3. Let c(p) = -2*a(p) + w(p). Let l(q) = -c(q) - 4*s(q). What is l(-1)?
3
Let q(i) = i**3 - 2*i**2 - 4*i + 3. Let w(f) = 4*f + 16. Let h be w(-4). Suppose -3*t - 6*t + 27 = h. Determine q(t).
0
Let z(r) = -7*r. Let y be ((-3)/6)/(5/5)*-2. Calculate z(y).
-7
Let u be 0 + -3 + (-6)/(-2). Suppose 5*x = 13 + 12. Let g(w) = -2*w + u + x + 0*w. What is g(6)?
-7
Suppose -6*v = -7*v + 2*s - 4, 5*v - 4*s + 2 = 0. Let b(p) = 2*p**v - p - 2*p**3 - 5*p**2 + p**3 - 1 + p**2. Calculate b(-2).
1
Suppose 3*g = 4*g - 2. Let p(s) = 3*s**2 + 1 + g - 7 - 3*s + s**3. Calculate p(-3).
5
Let u(t) = -t**2 - 6*t + 1. Let r be u(-5). Let k(q) = -5*q**2 + 20*q - 21. Let l(x) = -2*x**2 + 8*x - 7. Let j(w) = -3*k(w) + 8*l(w). Calculate j(r).
-5
Let w(r) be the second derivative of 0 + 3*r**2 - 12*r - 1/6*r**3. Determine w(-6).
12
Let c(d) = 11*d**2 + 1. Suppose -3*t = -4*t - 2*t. Suppose w + t = 1. What is c(w)?
12
Let y = 5 - 1. Let b(u) = 4*u + 2*u - 3*u - y*u. What is b(-6)?
6
Let h(a) = -a**3 + 3*a**2 + 3*a - 8. Let g(j) = j**2 - 1. Let o(x) = 6*g(x) - h(x). Give o(-3).
11
Let v(g) = -7*g**3 - g**2 + 3*g - 15. Let h(l) = l**3 - l**2 - l. Let q(f) = -6*h(f) - v(f). What is q(-7)?
-6
Let u(f) = -f**2 - f + 16. Let v(k) = -2*k**2 - 4*k + 32. Let i(n) = 11*u(n) - 6*v(n). What is i(-14)?
-2
Suppose -o - 6 = -3*f, 0*o - 8 = -4*f - o. Let i(m) = 482 - 482 + m**2 - f*m. Determine i(4).
8
Let y = -52 + 90. Suppose y*a + 12 = 36*a. Let c(v) = v - 2. Determine c(a).
-8
Let j(g) = -2*g + 12. Let k(x) = -2*x + 11. Let r(h) = 5*j(h) - 6*k(h). Let i(f) = 2*f - 35. Let w be i(0). Let a be (-18)/(-5) + (-14)/w. Give r(a).
2
Let q(y) = 3*y - 7. Let r be (0/(-6) - 0) + 6. Calculate q(r).
11
Let t(o) = o**3 + o**2 - 4*o - 3. Let h be 175/(-350) + 6/(-4). Calculate t(h).
1
Let m(c) be the first derivative of c**4/4 - 2*c**3/3 - 2*c**2 + 6*c - 150. Determine m(4).
22
Let p = -965 + 967. Let i(f) = -f**3 - f**2 + 2*f + 1. What is i(p)?
-7
Let z(k) = -k**3 - 8*k**2 - 9*k - 7. Let n = -42 + 48. Suppose -3*g + 4*h - 37 = 0, g - h - 31 = n*g. Calculate z(g).
7
Let p(x) = x - 5. Let w be p(7). Suppose -w*g - 3 = 7. Let s(f) = 9 - 5*f - f + 13*f - 6*f. Determine s(g).
4
Let f(h) = 2018 + 2027 - 4042 - 5*h. Give f(5).
-22
Let d(n) = 3*n**2 + 3*n + 2. Let c be ((-11)/((-55)/(-4)))/(2/5). Let s be 3/c + (3 + -1)/(-4). Give d(s).
8
Let w(t) = -t. Suppose 3*i = 2*r - 89, -i = 3*i - 20. Suppose -3*n - 3*o - 33 = 0, -4*n - 4*o = n + r. What is w(n)?
8
Let a(l) = l. Let g = -46 + 45. Let i(c) = c**2 - 3*c + 6. Let n(z) = g*i(z) + 2*a(z). Determine n(4).
-2
Suppose -5*n + 10*n = 40. Let b = 10 - n. Suppose -t = -b*t. Let q(d) = -d**3 - d + 3. Calculate q(t).
3
Let d(s) = 251 + s**2 - 499 + 254. Calculate d(-5).
31
Let t(l) = -4*l + 7. Let o(r) = -r - 3*r + 3*r + 2 + 2*r. Let a be o(-3). Let y(k) = k - 1. Let f(b) = a*t(b) - 6*y(b). Determine f(1).
-3
Let i(o) = o**3 - o**2 - 1. Let p(k) = 4*k**3 + 4*k**2 + 7*k + 2. Let c(u) = 3*i(u) - p(u). Suppose d - 